usands digit of s(3)?
9
Suppose 0 = -4*i + 2*y - 7*y + 2207, 9 = 3*y. Let g = -310 + i. Let j = g + -129. What is the units digit of j?
9
Suppose -5*h + 5*u - 65 = 0, h + u = 4*u - 9. Let a = h + 60. Let o = 151 - a. What is the units digit of o?
6
Let z(g) = -15*g + 173. Let m be z(9). What is the units digit of ((-37)/(-2))/(m/1444)?
3
Let k = 880 - 693. Suppose 0*d + 4*d = 20. Suppose 129 = 2*z + 3*p, 2*z + 2*p = d*z - k. What is the tens digit of z?
6
Let n be (-1 - (-80)/(-4))*-1. What is the tens digit of ((-1436)/12)/((-7)/n)?
5
Let a be 38/(-209) + 4776/11. Suppose t - 4*s - a = -60, -4*t = 2*s - 1586. What is the hundreds digit of t?
3
Let g = 1290 - -4755. Suppose -5*x + 8*x = 12, -5*r + g = -5*x. What is the thousands digit of r?
1
Let y(c) = c**3 - 14*c**2 + 4*c + 17. Let o be y(13). Let x = o - -93. Let k(b) = 2*b**2 - 6*b + 3. What is the tens digit of k(x)?
4
Suppose -38 = 3*u + 85. Suppose 5*d + 5*p + 520 = 0, 3*p + 535 = -5*d + p. Let l = u - d. What is the tens digit of l?
6
Suppose -4*s = 2*m - 2446, -4*m + 354 = -s - 4538. What is the thousands digit of m?
1
What is the hundreds digit of (((-297200)/5)/8)/((5 - 8) + 1)?
7
Suppose -132 = 3*z - 7*z. What is the hundreds digit of (2464/z)/((-4)/(-48))?
8
Let j(y) be the third derivative of 93*y**6/40 + y**5/60 + y**4/12 - y**3/6 + y**2 - 13. What is the units digit of j(1)?
1
Suppose 13 = 3*x + 4*l, x = -l + 6 - 3. What is the tens digit of 10 + (-14 - -1280) + x + 1?
7
Let k(t) be the third derivative of t**4/8 - t**3/2 - 14*t**2. Let u be k(-2). What is the tens digit of 2/u + (-1210)/(-18)?
6
Suppose 1903507 = 25*g + 22*g + 246851. What is the hundreds digit of g?
2
Let v(w) = -2*w**3 - 2*w**2 + w + 1. Let q = 35 + -33. Let c be -2*q + (-5 - -6). What is the units digit of v(c)?
4
Suppose 0 = 9*u + 249 - 294. What is the units digit of (u/(-1))/(-2 + 3) - -1090?
5
Let j(s) = -139*s - 21. What is the thousands digit of j(-9)?
1
Suppose -2*j - 9*g + 7*g = -1468, -5*j + 3670 = 4*g. Suppose -5*b + 243 = c, 0 = -2*c + 5*b - 293 + j. What is the units digit of c?
8
Let g be ((4/6)/((-3)/(-45)))/(-2). Let r = -254 - 116. What is the hundreds digit of (-6)/(12/r)*(-4)/g?
1
Suppose -5*h + 10 = -9*l + 8*l, -5*h + 25 = 2*l. What is the units digit of (-24)/40 + h + (-10256)/(-10)?
8
What is the units digit of (-3)/4 - 573629/(-76)?
7
Let d = -2152 - -25051. What is the hundreds digit of d?
8
Let u(a) = -a**3 - 9*a**2 + 6*a + 56. Let g be u(-9). Suppose 4432 = 5*j + g*r + 246, 5*r = 2*j - 1686. What is the tens digit of j?
3
Suppose t + 4*c + 12 = 0, 0 = -0*t - 2*t - 3*c + 1. Suppose 0 = -2*o - 3*b + 1327, t*o - 5*o + 4*b = 1989. What is the hundreds digit of o?
6
Suppose -4*r + 78 = -2*z, -r = -3*z + 4*r - 114. Let m = 98 - z. What is the units digit of m?
1
Suppose 0 = -4*g - 14*g - 7*g. Suppose g = 4*s + o - 3560, -3*s + s + 1762 = -4*o. What is the hundreds digit of s?
8
Let p be -16*-3*(-1)/(-12). Let u be (1 + 5)/((-6)/12*p). What is the units digit of (-1)/((-8)/3 - u) - -59?
6
Suppose 21 = -11*u + 65. Let w(h) = -1 + 64 + h + h - u*h. What is the units digit of w(-15)?
3
What is the thousands digit of ((-105)/12)/(110/(-426448))?
3
Let c = 83530 + -24698. What is the hundreds digit of c?
8
What is the hundreds digit of (51191 - 36) + -1 + 6 + 6/(-3)?
1
Suppose 4*g + 3*q - 15 = 20, -q = g - 10. Suppose 9*t - 5*y = g*t + 699, 2*t - y = 345. What is the hundreds digit of t?
1
Let l(z) = 3*z**2 - 26*z + 242. Let y be l(31). Let t = -1275 + y. What is the hundreds digit of t?
0
Suppose 4*n + 4*b - 22 + 2 = 0, n - 3*b - 13 = 0. What is the hundreds digit of 146 + -2 - -4*n/7?
1
Suppose 60*n - 57*n + v - 103907 = 0, -4*n - 2*v + 138542 = 0. What is the thousands digit of n?
4
Let a(d) = -4*d + 45. Suppose -l + 5*h - 13 = 2, 2*l + h = -63. Let j be a(l). What is the tens digit of 1 + j/2 - (-4)/8?
8
Let x(d) = 2131*d**2 - 137*d - 3. What is the tens digit of x(3)?
6
Let w(t) = t**2 - 42*t - 57. Let i be w(39). Let c = i + 277. What is the units digit of c?
3
Suppose -102*v = -116*v + k + 568336, -2*v = -k - 81184. What is the ten thousands digit of v?
4
Suppose 3*n - x - 6210 = 0, -2*x - 3*x = -3*n + 6198. Let i = 3131 - n. What is the tens digit of i?
6
Let g = 278 + -174. Suppose -5*z = 5*h - 460, h + h = z - g. Let n = 155 - z. What is the units digit of n?
9
Suppose -8*m - m = -117. Let q(o) = -o**2 + 13*o - 3. Let x be q(m). What is the tens digit of ((-1248)/4)/x - (1 + -3)?
0
Let a(n) = n**3 - 12*n**2 - 14*n + 17. Let h be a(13). Suppose 2*f - 14 = -h*k, -19 = -6*f + 3*f - 5*k. Suppose -5*g + 166 = -f*g. What is the tens digit of g?
8
Suppose -6*s + 4*s + 13424 = -2*w, 6714 = s - 2*w. What is the tens digit of s?
1
Let v(l) = 16*l**2 - 2*l - 1. Let n be v(-1). Let t be (-5)/(-10)*16/(-10)*(-146 - -1). Suppose d + n = t. What is the tens digit of d?
9
Let z(s) = -27*s**2 - 75*s + 8. Let o be z(-11). What is the tens digit of 11*(-14)/(-1617) - o/21?
1
Suppose 4*u - 3*u = f + 5611, -2*u + 11232 = 3*f. What is the hundreds digit of u?
6
What is the units digit of ((-1356)/54*-3)/(54/7209)?
7
Suppose 9*b = -0*b. Let n = b + -3. What is the tens digit of 380/8*(-8)/30*n?
3
Suppose -36*u + 32*u = -8. Let f be (6 + -4)*(-209)/u. Let v = -75 - f. What is the units digit of v?
4
Let a(v) be the first derivative of -11 - v - 3/2*v**2. What is the units digit of a(-10)?
9
Let p = -6495 + 13162. What is the hundreds digit of p?
6
Suppose -p = -0 - 4. Suppose -3*i = -p*n - 1617, 5*n = i - 6*i + 2660. What is the tens digit of i?
3
Suppose -2*v = j + 463, 0 = 4*v - 2*j + 304 + 626. Let i = v + 272. What is the tens digit of i?
4
Suppose -f = 4*d - 4724, 0 = -d + f + 523 + 653. What is the units digit of (-1)/(2356/d - 2)?
5
Suppose -7*b = -19 - 9. Suppose -b*j - 4*p + 60 = 0, -70 = -5*j - 5*p + p. Let m = 247 - j. What is the hundreds digit of m?
2
What is the thousands digit of (-349484)/41*4/(-8)?
4
Let p be -116*(828/16)/(-9). Suppose -p = -5*b + 513. What is the tens digit of b?
3
Let n(o) = -o**3 - 6*o**2 + 15*o - 3. Let q be n(-8). Suppose 5*t - 2*h = 133, 0 = 4*t + 2*h - q*h - 112. What is the tens digit of t?
2
Let t(a) = a**3 - 5*a**2 + 5*a - 1. Let u be t(4). Suppose 3*q = u*r + 933, -145 = -4*q - 3*r + 1078. What is the hundreds digit of q?
3
Suppose 8*z + 25158 = -73882. What is the thousands digit of (-5 - (-203)/35)/((-8)/z)?
1
Let w be (126/15)/(6/20). Let n = -3564 - -3475. Let v = w - n. What is the hundreds digit of v?
1
Suppose 3*j + 58 = -5*c, -5 - 19 = 2*j - 4*c. Let u(t) = -34*t + 57. What is the units digit of u(j)?
1
Suppose -3*q - 308 - 151 = l, -3*q = 6. Let z = 1031 + l. What is the hundreds digit of z?
5
Let q = 37658 + 33573. What is the units digit of q?
1
Suppose 0 = -6*a + 42416 + 64270. What is the ten thousands digit of a?
1
Suppose -5*r + 0*r = -5. Let h(z) = z - z + 6*z - r. What is the tens digit of h(6)?
3
Suppose -3*f + 155757 = 3*a, 259587 = 5*f - 1479*a + 1483*a. What is the thousands digit of f?
1
What is the units digit of 1/((-7)/(-18655)) + (-10)/2?
0
Suppose -16*w + 166 = -5178. What is the hundreds digit of w?
3
Suppose 25*v = -7*v + 288. Suppose -v*j + 6275 = 938. What is the tens digit of j?
9
Let v = 4279 + -3922. What is the hundreds digit of v?
3
Let b(q) = -q**3 - 5*q**2 + 3*q - 134. Let a be b(-9). Suppose 0 = a*f - 170*f + 4620. What is the tens digit of f?
6
Let d be ((-10)/(-4))/(8127/(-2034) + 4). What is the tens digit of d - ((-7 - -7) + -6)?
7
Suppose -732939 = -78*h + 513345. What is the ten thousands digit of h?
1
Let p be 2 - ((-1)/2 - (-15)/(-6)). Suppose -5*t - 2183 = -4*v - 0*v, -2*v - p*t + 1129 = 0. What is the units digit of v?
2
Suppose 12 = 2*n - a, -2 = a - 0*a. Suppose 0 = -3*k - p + 674, -2*p = n*k - 4*p - 1138. Let y = -105 + k. What is the tens digit of y?
2
Suppose 5*a = -0*a - 15. Suppose 27*o + 26*o = 636. What is the tens digit of (1 - -1)*(-28)/o*a?
1
Let m(d) = 7*d + 45. Let w be m(-5). Suppose 348 = -45*h + 49*h - 4*u, 2*u - w = 0. What is the units digit of h?
2
Suppose -251 = z - 2477. Let g be z/56 + 2*2/16. Suppose 0 = -3*y + 2*k + k + 132, 2*k + g = y. What is the tens digit of y?
4
Suppose -73*i - 34 = -25*i - 274. Suppose 12 = 3*g + g. Suppose 0 = p - g*t - 243, -5*p = -i*t - 1357 + 172. What is th